osite number?
False
Is 373319 prime?
False
Is 39927521 composite?
True
Is 121745131 a prime number?
True
Is 387978251 a prime number?
False
Is 25190033 a prime number?
False
Is 233691521 composite?
True
Is 611529329 prime?
False
Is 313361 a prime number?
False
Is 12459329 prime?
True
Is 1153891 composite?
False
Is 77845997 a prime number?
True
Is 6608363 a composite number?
True
Is 1784789 composite?
False
Is 36045847 composite?
True
Is 8477243 prime?
True
Is 7793 a prime number?
True
Is 6077039 a composite number?
False
Is 67121 a composite number?
False
Is 971018 a prime number?
False
Is 452717095 prime?
False
Is 202325081 a prime number?
False
Is 2328809 prime?
False
Is 1525093 prime?
True
Is 2664557 composite?
True
Is 3116417 composite?
False
Is 3044557 composite?
True
Is 11712853 a composite number?
False
Is 270815705 a composite number?
True
Is 237461 a composite number?
True
Is 150660959 composite?
False
Is 41621521 a prime number?
True
Is 174149015 composite?
True
Is 96579443 prime?
True
Is 145897 a composite number?
False
Is 9649973 composite?
False
Is 639857 a prime number?
True
Is 258326465 prime?
False
Is 33426383 composite?
True
Is 30134537 composite?
False
Is 124655893 a composite number?
True
Is 90952921 a prime number?
False
Is 624087193 prime?
True
Is 445001 a prime number?
True
Is 122312779 prime?
True
Is 109485533 a composite number?
True
Is 2045522 a composite number?
True
Is 7115093 prime?
True
Is 1066217 composite?
False
Is 157979 prime?
False
Is 11815759 a composite number?
True
Is 13787429 a prime number?
True
Is 22827397 composite?
True
Is 16724653 composite?
True
Is 41883029 prime?
True
Is 718191041 composite?
False
Is 870462641 prime?
False
Is 293436719 prime?
True
Is 15789593 composite?
False
Is 198449903 composite?
False
Is 783473 composite?
False
Is 3882481 composite?
False
Is 2066321 prime?
True
Is 14600233 a prime number?
True
Is 27179147 a composite number?
False
Is 20823329 a composite number?
True
Is 331651 a prime number?
True
Is 4738651 composite?
False
Is 6276209 prime?
False
Is 60371 composite?
True
Is 28729717 prime?
True
Is 125135051 a prime number?
True
Is 349897663 prime?
False
Is 2768954 a composite number?
True
Is 63335057 a composite number?
False
Is 10656271 prime?
False
Is 4217009 a composite number?
True
Is 9550093 a prime number?
False
Is 1644413 a composite number?
False
Is 512789 prime?
False
Is 633680629 composite?
True
Is 37030901 a composite number?
True
Is 47259085 a composite number?
True
Is 88017383 composite?
True
Is 316165805 composite?
True
Is 15452407 composite?
True
Is 142753069 prime?
True
Is 76565537 a prime number?
True
Is 82384997 prime?
False
Is 127859 a prime number?
True
Is 123718451 prime?
True
Is 81289511 prime?
False
Is 1024687 composite?
True
Is 1748237 a composite number?
False
Is 2125945 composite?
True
Is 22703813 a prime number?
False
Is 59914807 a prime number?
True
Is 29134135 prime?
False
Is 180550133 prime?
True
Is 50528293 a composite number?
False
Is 2656139 a composite number?
True
Is 144166807 prime?
True
Is 57010553 a prime number?
True
Is 119596306 prime?
False
Is 232847737 a prime number?
False
Is 979519 composite?
False
Is 1843642 prime?
False
Is 53953721 prime?
True
Is 417902657 a composite number?
False
Is 1503059 composite?
False
Is 19893691 prime?
True
Is 77630311 a composite number?
True
Is 38076359 composite?
False
Is 240989591 a prime number?
True
Is 48675749 prime?
True
Is 33473969 composite?
True
Is 17538089 a prime number?
True
Is 58973513 a composite number?
True
Is 17581127 prime?
False
Is 54452509 prime?
True
Is 392157811 a prime number?
True
Is 1307545 a prime number?
False
Is 1277249 a prime number?
True
Is 17335121 composite?
True
Is 2942647 prime?
False
Is 6511165 a composite number?
True
Is 2076983 prime?
False
Is 101691923 a composite number?
False
Is 2333993 a composite number?
False
Is 43624211 a prime number?
False
Is 19513279 a prime number?
True
Is 1384319 a composite number?
True
Is 31981 a composite number?
False
Is 178753 a composite number?
False
Is 8520241 prime?
True
Is 674516509 prime?
True
Is 203907139 composite?
True
Is 3679499 a prime number?
True
Is 24794083 a composite number?
True
Is 6068161 prime?
False
Is 143829877 prime?
False
Is 586802419 a composite number?
True
Is 4301819 prime?
False
Is 81659807 a prime number?
True
Is 7269671 a prime number?
True
Is 103586599 prime?
True
Is 1669331 composite?
False
Is 1339214 composite?
True
Is 28865234 composite?
True
Is 58579721 a composite number?
True
Is 131519471 a prime number?
False
Is 8888609 prime?
True
Is 3796907 a composite number?
False
Is 937768057 a prime number?
True
Is 3735569 a composite number?
False
Is 38920699 prime?
False
Is 349627 prime?
False
Is 3998881 a prime number?
True
Is 42643247 a prime number?
True
Is 3957521 prime?
True
Is 87806653 a prime number?
False
Is 5488033 prime?
False
Is 1242841 a prime number?
True
Is 13280647 a prime number?
True
Is 194761093 prime?
True
Is 175117 a prime number?
False
Is 129772661 prime?
False
Is 1242481 prime?
False
Is 33458861 a prime number?
True
Is 760027 prime?
False
Is 1033631 prime?
True
Is 119722609 composite?
False
Is 29720317 a prime number?
False
Is 3680563 prime?
True
Is 174313109 composite?
True
Is 6595061 prime?
False
Is 21753623 a composite number?
False
Is 46274567 a prime number?
True
Is 843571877 a prime number?
True
Is 30322829 a composite number?
False
Is 334861 a prime number?
True
Is 52641821 a prime number?
True
Is 40714019 composite?
False
Is 211097857 a prime number?
False
Is 29345567 prime?
True
Is 6190367 prime?
True
Is 15447073 composite?
True
Is 6870869 prime?
True
Is 16086671 prime?
True
Is 94446353 a composite number?
False
Is 285782209 composite?
False
Is 347565671 prime?
False
Is 220919 a composite number?
False
Is 57712169 a composite number?
False
Is 355777 a composite number?
False
Is 81962281 a composite number?
False
Is 2178499 composite?
True
Is 281683609 prime?
False
Is 6322433 prime?
False
Is 55757545 composite?
True
Is 454780133 prime?
False
Is 2806743 a composite number?
True
Is 665850467 composite?
True
Is 8064543 prime?
False
Is 125329289 a prime number?
False
Is 34206151 a composite number?
True
Is 2021161 prime?
False
Is 10819793 a prime number?
True
Is 5357519 a composite number?
False
Is 25649086 a prime number?
False
Is 108700727 composite?
False
Is 1301171 a composite number?
False
Is 73068817 a composite number?
True
Is 109953523 a composite number?
False
Is 150205907 a prime number?
True
Is 15515399 composite?
False
Is 3568141 prime?
True
Is 2363617 composite?
False
Is 8427511 a prime number?
False
Is 1832927 prime?
True
Is 375283019 a prime number?
False
Is 9464621 prime?
False
Is 25147333 a composite number?
False
Is 682691 a composite number?
True
Is 5692649 a prime number?
True
Is 31543081 prime?
False
Is 98964969 a prime number?
False
Is 5209251 a prime number?
False
Is 1248073 a prime number?
False
Is 41686345 prime?
False
Is 16263887 prime?
True
Is 5389903 composite?
True
Is 1560653 a composite number?
False
Is 93128065 composite?
True
Is 88115327 prime?
True
Is 69750883 a prime number?
False
Is 564917 prime?
True
Is 951997 a composite number?
False
Is 3283220393 prime?
True
Is 3176333 a prime number?
True
Is 33872419 a composite number?
True
Is 21259 a composite number?
True
Is 50693281 a composite number?
True
Is 6284087 composite?
True
Is 51775813 a composite number?
True
Is 6429089 a prime number?
True
Is 11978849 a composite number?
True
Is 8542043 a prime number?
True
Is 22185371 a prime number?
False
Is 52951231 a prime number?
True
Is 7628363 a prime number?
False
Is 369253 composite?
False
Is 5306089 a prime number?
True
Is 11717443 a prime number?
True
Is 232226297 a composite number?
False
Is 20584963 composite?
True
Is 2130481 prime?
False
Is 26784343 a prime number?
True
Is 29248819 a composite number?
False
Is 7635217 prime?
True
Is 8926319 a prime number?
True
Is 105588061 a prime number?
False
Is 4797137 composite?
True
Is 19713865 prime?
False
Is 3567929 prime?
False
Is 2247521 composite?
False
Is 62791451 a composite number?
False
Is 88420429 a composite number?
False
Is 52134538 a composite number?
True
Is 14680277 composite?
False
Is 